 -3?
10
What is (-10 - -4) + (-7 + 0 - (60 - 72))?
-1
Evaluate 8 + 3 + -33 + 53.
31
(-3 - -5) + (-4 + -3 + 12 - 16)
-9
Calculate -9 + (-1 + -1 + 0 - -8) - 9.
-12
What is the value of (4 - 1) + (-49 - -35) + 3?
-8
What is the value of -4 + 16 + (58 - 74)?
-4
Calculate -8 + 0 - (32 + 12 + -38).
-14
Calculate 14 + 39 + -54 + -12.
-13
Calculate (0 + 11 - (32 - (32 + 7))) + 1.
19
Evaluate 23 - (9 + 3 + -3).
14
(-3 + -31 + 1 - -11) + 9
-13
-9 + 8 - 2 - (-13 + -4)
14
What is the value of -31 - ((-13 - (-8 + 7)) + 1)?
-20
What is (-23 + 1 - (2 - 13)) + (1 - -6)?
-4
Calculate (-4 - -4) + 0 - (-5 - 4).
9
What is the value of -2 + 2 - ((-2 + 1 - 0) + 2)?
-1
What is the value of -40 - (-28 + (19 - 22))?
-9
Evaluate 20 + -6 - (-12 - (-4 + -3)).
19
34 - (5 + 11) - 7
11
What is -8 + 4 + (-24 - -32)?
4
What is the value of 1 + 5 + (0 - -6 - (-20 - -29))?
3
Calculate 109 + -102 + (8 - 3) + -2 + -11.
-1
What is the value of (-1 + 13 - 20) + 10?
2
Calculate (0 + -26 - (477 - 495)) + (-2 - 18).
-28
Calculate 0 + -9 + (2 - -6) + -5.
-6
4 + -31 - (-1 - 2 - (-97 + 89))
-32
Calculate -21 + 21 - (-3 + -1 + -3).
7
What is 207 + -207 - (-5 - 2)?
7
Evaluate 17 + 8 + (2 - (1 - (-1 + -6))).
19
Evaluate (-455 - -446) + (0 - 7).
-16
11 + (8 + -55 - -14)
-22
Evaluate 0 - -4 - (3 + -28 + -1 + 3).
27
Calculate 12 - -2 - (-10 - 7 - -19).
12
38 - (-33 + 12 + 32)
27
12 - (-48 + 24 - -40)
-4
What is the value of (-120 - -128 - (18 - 1)) + -14 - 3?
-26
Evaluate (-5 - (-6 + -4)) + -5 + -8.
-8
Calculate -7 + (6 - (2 + 4 - 7)).
0
What is 5 + (9 - 4) + 3 + -5 + 5?
13
Evaluate (-30 + 20 - 0) + 0 + 12 + -9.
-7
What is -1 - (-8 - (-2 + -1 + -9)) - 6?
-11
What is the value of -10 - (-12 - -6 - 17)?
13
Evaluate (6 - 1) + -11 - (2 + 4).
-12
Evaluate 61 + -46 + (-18 - -32).
29
What is the value of -23 + 26 - (-12 - (2 - 3))?
14
What is -52 + -34 + 66 + (0 - (1 + 1))?
-22
Calculate 23 + (27 + -29 - 55).
-34
(-603 - -587) + 2 + 19
5
1 - -11 - (-2 - -16)
-2
Calculate 12 + -23 - (5 - 2).
-14
Calculate 10 - (-2 - (-18 - (1 - 8))).
1
Calculate 9 + 4 + 3 - 15.
1
Calculate -11 - 0 - -13 - -5.
7
Calculate -2 + 28 + (10 - 6) + (-32 - -31).
29
What is 21 + (-23 - -14) - (34 - 2)?
-20
5 - -22 - 55 - -3
-25
What is the value of 21 - (-1 - (-14 + (-3 - -10)))?
15
What is the value of (-4 - (-4 + 10)) + -1 + 1 - -3?
-7
What is (20 - (34 + -31)) + -3?
14
Evaluate (-80 + 69 - (0 - -18) - -5) + 2.
-22
-3 + (-10 + (22 - 8) - 1)
0
What is the value of 4 - (16 - 2 - (10 + -2))?
-2
-1 - ((-5 - (-20 - -5)) + -11)
0
24 - 30 - (-3 - (-2 + 6))
1
Calculate (25 + (21 - 54) - (-1 + -2)) + -4.
-9
Evaluate -21 - -27 - (17 - 1).
-10
Calculate 5 + (23 - (50 + -6)).
-16
What is 27 - (-12 + 1 + 32)?
6
What is the value of 6 - (19 + -4 - -1) - 2?
-12
Calculate 1 - -26 - 64 - -15.
-22
What is (-21 - -37 - -5) + (2 - 3 - 3)?
17
-1 + -3 - (25 + (-18 - (-8 - -3)))
-16
What is the value of (22 - 17 - 12) + -2?
-9
Evaluate -7 - (9 + -1 + (8 - (-8 + 6))).
-25
8 + -2 + (-6 + 5 + 9 - 2)
12
What is the value of (135 - 130) + (0 - 0)?
5
What is the value of 4 + -2 + (-9 - (-5 - -1)) - -13?
10
What is the value of -6 + (1 + -7 - (-11 - -8))?
-9
Evaluate -12 + (-19 - -22) - -11.
2
What is the value of 2 - 2 - -5 - (21 + (-36 - -12))?
8
What is (0 - -16) + -29 - 14 - -9?
-18
22 - 14 - (10 - 3)
1
What is the value of (-10 - (4 + -10)) + 3?
-1
What is the value of (10 + 6 + -7 + -10 - 7) + -3?
-11
-4 + 17 - (-114 + 96)
31
What is the value of 5 - (3 + (-3 + -22 - -12))?
15
Calculate (-1 - -6) + -31 + 9 + 4.
-13
Evaluate (13 - (5 + 23 + -9)) + (2 - -1).
-3
What is the value of 17 + (-16 + -17 + 39 - 16)?
7
Calculate 0 + (-7 + -2 + 13 - 1).
3
9 + 10 + 14 + -14
19
Evaluate (-9 - 5) + 12 + 6.
4
-25 + 13 - -38 - 1
25
What is the value of -28 - -14 - -12 - 3?
-5
Calculate 26 + -58 + 14 + 10.
-8
What is the value of (-2 - -2) + -3 + -10 + 6 + 18?
11
Evaluate 2 - 33 - -9 - -21.
-1
(-84 - -101) + -1 + -28
-12
What is the value of 30 + (16 - (19 - (24 + -18)))?
33
Calculate 6 + (1 - (22 + -12 - (-1 - -6))).
2
Evaluate 1567 - 1584 - (2 - (1 - 16)).
-34
Evaluate 0 - 2 - 2 - (-7 + 6 - 2).
-1
What is the value of 1 - (2 + 7 - (19 + -11 - -6))?
6
Evaluate -2 + (4 - 3) - (42 - 58).
15
What is the value of -94 + 93 - (10 + -2 + (3 - 3))?
-9
-10 + -18 + 26 + (-1 - -2)
-1
(-66 - -63) + -1 + 5
1
Calculate 0 + -10 - (-663 + 634).
19
11 - (37 - 7) - -30
11
Evaluate -1 + 1 + 17 + -16 + -3.
-2
Calculate 8 + (3 - 1) + -38 + 9 + 24.
5
Evaluate -7 + 9 + 5 + -34 + 6 + 7.
-14
What is the value of -152 + 169 - (1 - 19)?
35
Evaluate -14 + 1 + 17 + 13.
17
Evaluate (-6 - (-12 + 4) - -22) + -2 + -5.
17
What is -25 + (11 - (6 + -9))?
-11
What is -6 + -5 + (3 - 5) + -7 + 4?
-16
Calculate 10 - (-12 + 21) - 15.
-14
Evaluate 3 + -13 - (1 + (-11 + 11 - 40)).
29
Evaluate 2 - ((16 - 19) + 21) - 14.
-30
What is the value of -6 + (-10 + (-9 - -11) - -15)?
1
Calculate (36 - 1) + -13 + 18 + -2 + -7.
31
What is the value of -1 + 23 + -16 + -1?
5
What is -8 - (24 - 9 - (-22 + 50))?
5
What is the value of (2 - 15) + 14 + -14?
-13
What is (-2 - -6) + -9 + (-9 - (-24 + -2))?
12
Calculate (3 + 1 - (-3 + 7)) + 5 + -14.
-9
Evaluate (39 - 45) + (8 - 1).
1
Evaluate (2 + 4 + 5 + -6 - -4) + -5.
4
Evaluate -8 + 0 + (3 - 1) + -8.
-14
Calculate -4 - -3 - (2 + -6 - -17).
-14
Calculate -4 - (-7 + -5) - -1.
9
What is the value of 20 + 1 + (43 - 47)?
17
Evaluate 24 + 12 + -7 + -22.
7
Evaluate -4 - (-2 + 1) - (-15 - -19).
-7
What is 0 - 13 - ((12 - 2) + 2)?
-25
Calculate (-1 - -11) + (-78 - -50) + 5.
-13
-13 + (0 + 10 - (33 + -29)) + -4
-11
Evaluate 0 + (-2 - -6) - (266 - 263) - -22.
23
What is (-5 - -8 - -2) + (-4 - -3) + -5?
-1
What is -57 - (27 - 64) - (-3 + 0)?
-17
What is 4 + (-17 - -9) + -2?
-6
Calculate 14 + -3 - (48 - 42).
5
What is the value of -9 - (-3 - -3) - (-11 - (4 + -6))?
0
What is the value of (-1 - 4) + 33 + -71 + 54?
11
Evaluate 37 + (-27 - -4 - -3).
17
Evaluate (-5 - -33) + (1 - 3 - (-20 + 25)).
21
-1 + 6 + -49 + (33 - 17)
-28
What is 37 + -13 - (6 - 2)?
20
10 - 19 - (2 - 3)
-8
Calculate -23 + -12 + 11 + -4.
-28
What is the value of -9 + (11 - 5 - -3)?
0
Evaluate -7 - (10 + (-6 - 8)) - (2 + -1).
-4
Calculate (56 - (35 - 2)) + -26.
-3
39 + (-18 - -2) - 11
12
What is the value of 38 + (9 + -1 + 0 - (-519 - -532))?
33
Calculate 2 + (17 - 14) + 23.
28
Evaluate -35 - (7 - 8) - (-14 - -12).
-32
Evaluate (14 + -10 - 9 - 4) + 5.
-4
What is the value of -31 + (38 - -19) - 15?
11
What is the value of (2 - (2 - 2)) + (-107 - -101)?
-4
Evaluate 3 + 3 + (0 + 8 - (4 + 4)).
6
What is the value of -5 + -4 + 5 - (1 - 6)?
1
What is -43 + (5 + 14 - -4)?
-20
(12 - 0) + (-5 - -21) - 14
14
12 - (10 + -3) - ((5 - 7) + 16)
-9
Calculate -46 + 3 + 15 + 7.
-21
-47 + 42 + (0 - (0 - 3) - -1)
-1
What is the value of 23 - (7 + (-1 - 10 - (-60 + 52)))?
19
What is the value of 31 - 6 - 3 - (1 + (-4 - -2))?
23
-22 + 1 - (14 + -2 - (-6 + 24))
-15
What is the value of 6 + (18 - (61 + -38))?
1
What is the value of 1 + (-13 + 20 - 19)?
-11
What is 25 - 33 - (3 - (4 + -6))?
-13
Calculate (55 - (90 + -43)) + 9 + -1.
16
What is (-30 - -55 - 25) + (0 + -2 - 0)?
-2
Evaluate (12 - (4 - -8)) + -4.
-4
Evaluate 1 + 7 + -7 + 6 - (-4 - -15).
-4
What is 4 + (2 - (-4 + 1 + 17))?
-8
(-4 - -3) + 5 + -10 + 8
2
(16 - 0) + -35 + 6 + 29
16
Evaluate 11 - (13 - (14 - 3)).
9
What is the value of -41 - (39 + -63 + -22)?
5
What is 12 + -17 + 5 - (3 - 2) - -2?
1
What is (-16 - -8) + 4 + (7 - 10)?
-7
Calculate (-6 - 5 - -17 - 14) + 24.
16
Calculate 20 + -129 + 123 + -2 + (7 - -1).
20
-7 + (-2 - -15) + 0
6
Calculate 7 - (12 + (-18 - -20 - -5)).
-12
What is the value of -5 - (5 - (19 - (-8 + 4))) - 4?
9
Calculate -32 + 9 + 39 - 37.
-21
-4 - (-109 - -109 - (0 - 4))
-8
Evaluate -17 + 53 + -3 - 28.
5
What is 7 + (-4 + 4 + -11 - -9)?
5
What is the value of 1 + 2 - (-2 + 7 + -4 + -5)?
7
What is -19 - 9 - -33 - -26?
31
Calculate (8 - (-1 - 12)) + -5.
16
What is -6 - -1 - (5 + 8 + 7 - -6)?
-31
Evaluate (0 + 0 + -13 - 0) + (-22 - -23).
-12
Calculate 9 + -9 - (-41 - 1) - 7.
35
What is the value of (0 - 7) + (-13 - -26 - 34) - -3?
-25
What is the value of -7 + 13 + 6 + -23 - -28?
17
What is 42 - (3 - (30 + -101))?
-32
What is 25 + (7 - (19 + -6) - (-8 + 4))?
23
Evaluate (3 - 11) + 6 + (13 - -4) + -1.
14
What is -21 + 1 - (1315 + -1347)?
12
What is -13 + -3 + 